rime factors of 95470945.
5, 241, 79229
List the prime factors of 1967965970.
2, 5, 41, 1051, 4567
What are the prime factors of 224698753?
23, 211, 46301
List the prime factors of 119700024.
2, 3, 4987501
List the prime factors of 28387805.
5, 19, 298819
List the prime factors of 408196775.
5, 7, 17, 137209
List the prime factors of 3859165402.
2, 1929582701
List the prime factors of 1042085266.
2, 521042633
List the prime factors of 61648915.
5, 2659, 4637
List the prime factors of 1271583481.
7, 6379, 28477
List the prime factors of 53951717.
53951717
What are the prime factors of 102149197?
61, 1674577
List the prime factors of 3066602372.
2, 766650593
List the prime factors of 1217179248.
2, 3, 25357901
What are the prime factors of 75558948?
2, 3, 17, 370387
What are the prime factors of 26339057?
31, 73, 103, 113
What are the prime factors of 472678623?
3, 4673, 11239
What are the prime factors of 1348467613?
2179, 618847
List the prime factors of 2608827931.
37, 43, 61, 26881
List the prime factors of 26594457.
3, 229, 38711
What are the prime factors of 3406519767?
3, 7, 89, 359, 5077
What are the prime factors of 209468458?
2, 17, 157, 39241
What are the prime factors of 269380865?
5, 13, 41, 101081
What are the prime factors of 6057205241?
1483, 4084427
List the prime factors of 2991212302.
2, 13, 5051, 22777
List the prime factors of 24037771.
2039, 11789
List the prime factors of 2245556175.
3, 5, 29940749
List the prime factors of 513830323.
29, 113, 156799
List the prime factors of 40587716.
2, 13, 60041
List the prime factors of 271551763.
7, 1319, 29411
List the prime factors of 3624627829.
7229, 501401
List the prime factors of 1242481547.
1242481547
What are the prime factors of 4794478245?
3, 5, 106543961
List the prime factors of 284827491.
3, 13, 2434423
List the prime factors of 27901628.
2, 6975407
What are the prime factors of 546519730?
2, 5, 54651973
What are the prime factors of 597136932?
2, 3, 7, 37, 1307
List the prime factors of 58395483.
3, 61, 106367
List the prime factors of 1555102934.
2, 7, 11, 10098071
What are the prime factors of 43239168?
2, 3, 7, 383
What are the prime factors of 3231956496?
2, 3, 17, 3960731
List the prime factors of 263627459.
53, 93851
What are the prime factors of 40295772?
2, 3, 11, 107, 317
What are the prime factors of 47836360?
2, 5, 11, 13, 8363
List the prime factors of 379357311.
3, 126452437
What are the prime factors of 2751055430?
2, 5, 17, 2459, 6581
What are the prime factors of 3683642076?
2, 3, 17, 2006341
List the prime factors of 220538277.
3, 1637, 14969
What are the prime factors of 135189222?
2, 3, 7, 3218791
What are the prime factors of 677746244?
2, 7, 23, 150343
List the prime factors of 46528818.
2, 3, 7, 29, 38201
List the prime factors of 173800041.
3, 61, 97, 9791
What are the prime factors of 63449463?
3, 7, 11, 39239
List the prime factors of 4325810098.
2, 3943, 548543
List the prime factors of 2373542538.
2, 3, 701, 564323
List the prime factors of 61516156.
2, 13, 1183003
What are the prime factors of 1258233967?
1297, 970111
What are the prime factors of 53491279?
53491279
List the prime factors of 131653635.
3, 5, 8776909
What are the prime factors of 4314073?
17, 253769
List the prime factors of 1346090086.
2, 11, 463, 132151
List the prime factors of 112769009.
19, 5935211
What are the prime factors of 255850082?
2, 263, 486407
What are the prime factors of 3929934204?
2, 3, 7, 15594977
List the prime factors of 17253346.
2, 11, 784243
What are the prime factors of 74113498?
2, 23, 31, 51973
List the prime factors of 9297429230.
2, 5, 929742923
What are the prime factors of 1127829302?
2, 4159, 135589
List the prime factors of 1065742834.
2, 13, 61, 671969
What are the prime factors of 305282520?
2, 3, 5, 59, 1597
List the prime factors of 871465311.
3, 3586277
List the prime factors of 121848734.
2, 7, 8703481
What are the prime factors of 287720256?
2, 3, 1498543
List the prime factors of 607277624.
2, 191, 397433
What are the prime factors of 3226269710?
2, 5, 409, 788819
What are the prime factors of 31353355?
5, 11, 17, 33533
What are the prime factors of 1723137287?
233, 787, 9397
What are the prime factors of 220418196?
2, 3, 211, 263, 331
List the prime factors of 35226498.
2, 3, 127, 46229
What are the prime factors of 510033595?
5, 102006719
List the prime factors of 4922622903.
3, 11, 1019, 146389
List the prime factors of 2488631329.
2488631329
List the prime factors of 17236808.
2, 43, 89, 563
What are the prime factors of 192490081?
7, 29, 135461
What are the prime factors of 2006693503?
2006693503
What are the prime factors of 334854751?
7, 11, 103, 42221
List the prime factors of 83786661.
3, 7, 43, 157, 197
What are the prime factors of 115702260?
2, 3, 5, 1928371
List the prime factors of 61690212.
2, 3, 17, 100801
List the prime factors of 803677140.
2, 3, 5, 7, 131, 541
What are the prime factors of 4849674323?
13, 19, 37, 701, 757
What are the prime factors of 52639717?
13, 139, 29131
What are the prime factors of 18648043?
67, 278329
What are the prime factors of 174790324?
2, 73, 277, 2161
What are the prime factors of 74834171?
74834171
List the prime factors of 9545067.
3, 7, 50503
What are the prime factors of 1860645017?
7, 11, 29, 31, 26879
List the prime factors of 41766267.
3, 2377, 5857
What are the prime factors of 929471691?
3, 103, 811, 3709
List the prime factors of 314962307.
11, 809, 35393
What are the prime factors of 33810987?
3, 7, 31, 167, 311
List the prime factors of 530390150.
2, 5, 619, 17137
What are the prime factors of 116934514?
2, 58467257
What are the prime factors of 586824223?
139, 277, 15241
What are the prime factors of 335952649?
335952649
List the prime factors of 2019330379.
11, 23, 1283, 6221
List the prime factors of 425258229.
3, 11, 2017, 6389
List the prime factors of 51515473.
51515473
List the prime factors of 205452919.
7, 167, 181, 971
List the prime factors of 755823613.
71, 10645403
List the prime factors of 290699392.
2, 19, 23, 5197
What are the prime factors of 648476870?
2, 5, 6277, 10331
What are the prime factors of 426403074?
2, 3, 73, 973523
What are the prime factors of 50232077?
7, 7176011
List the prime factors of 56779872.
2, 3, 591457
List the prime factors of 1575471730.
2, 5, 7, 101, 222839
List the prime factors of 1692562828.
2, 11, 38467337
List the prime factors of 73784726.
2, 17, 587, 3697
List the prime factors of 2569267960.
2, 5, 7, 1310851
List the prime factors of 9421714.
2, 47, 113, 887
List the prime factors of 2849071013.
2849071013
What are the prime factors of 838514838?
2, 3, 7, 19964639
What are the prime factors of 251036600?
2, 5, 1255183
List the prime factors of 64939025.
5, 227, 11443
List the prime factors of 65923014.
2, 3, 23, 541, 883
List the prime factors of 199065027.
3, 7, 9479287
List the prime factors of 49977342.
2, 3, 2776519
List the prime factors of 1672078002.
2, 3, 7, 5711, 6971
List the prime factors of 1813079415.
3, 5, 7, 17267423
What are the prime factors of 77702790?
2, 3, 5, 11, 41, 5743
List the prime factors of 37917085.
5, 2393, 3169
List the prime factors of 56818358.
2, 101, 281279
What are the prime factors of 2455788565?
5, 59, 107, 77801
What are the prime factors of 2475920100?
2, 3, 5, 23, 358829
List the prime factors of 334882070.
2, 5, 23, 61, 23869
List the prime factors of 246226050.
2, 3, 5, 7, 78167
List the prime factors of 228519473.
7, 13, 223, 11261
List the prime factors of 410856700.
2, 5, 103, 113, 353
What are the prime factors of 65457438?
2, 3, 43, 53, 4787
What are the prime factors of 1587923898?
2, 3, 11, 19, 115117
List the prime factors of 3439337813.
17, 202313989
List the prime factors of 3394666341.
3, 11, 1447, 2633
List the prime factors of 369013037.
12637, 29201
What are the prime factors of 3977589356?
2, 13, 76492103
List the prime factors of 333412622.
2, 8849, 18839
List the prime factors of 76010827.
29, 2621063
List the prime factors of 2793284141.
59, 937, 50527
What are the prime factors of 188163249?
3, 62721083
List the prime factors of 220796828.
2, 7, 2297, 3433
What are the prime factors of 267968255?
5, 53593651
What are the prime factors of 1077135340?
2, 5, 1